en 137 is divided by 24?
17
Calculate the remainder when 918 is divided by 236.
210
What is the remainder when 393 is divided by 132?
129
What is the remainder when 1287 is divided by 28?
27
Calculate the remainder when 452 is divided by 117.
101
What is the remainder when 388 is divided by 135?
118
What is the remainder when 290 is divided by 21?
17
What is the remainder when 925 is divided by 112?
29
What is the remainder when 226 is divided by 58?
52
What is the remainder when 196 is divided by 53?
37
What is the remainder when 779 is divided by 211?
146
Calculate the remainder when 64 is divided by 22.
20
Calculate the remainder when 141 is divided by 24.
21
Calculate the remainder when 196 is divided by 187.
9
What is the remainder when 2672 is divided by 14?
12
What is the remainder when 7030 is divided by 201?
196
Calculate the remainder when 324 is divided by 101.
21
Calculate the remainder when 1171 is divided by 2.
1
Calculate the remainder when 421 is divided by 19.
3
What is the remainder when 976 is divided by 6?
4
What is the remainder when 260 is divided by 53?
48
Calculate the remainder when 130 is divided by 66.
64
Calculate the remainder when 760 is divided by 71.
50
Calculate the remainder when 150 is divided by 22.
18
What is the remainder when 517 is divided by 204?
109
What is the remainder when 762 is divided by 89?
50
What is the remainder when 507 is divided by 173?
161
What is the remainder when 454 is divided by 65?
64
Calculate the remainder when 422 is divided by 47.
46
Calculate the remainder when 74 is divided by 5.
4
Calculate the remainder when 8049 is divided by 66.
63
Calculate the remainder when 351 is divided by 30.
21
Calculate the remainder when 341 is divided by 58.
51
Calculate the remainder when 263 is divided by 6.
5
Calculate the remainder when 381 is divided by 55.
51
Calculate the remainder when 714 is divided by 156.
90
What is the remainder when 257 is divided by 48?
17
What is the remainder when 495 is divided by 4?
3
Calculate the remainder when 979 is divided by 135.
34
Calculate the remainder when 186 is divided by 55.
21
Calculate the remainder when 98 is divided by 28.
14
What is the remainder when 1073 is divided by 154?
149
Calculate the remainder when 728 is divided by 719.
9
Calculate the remainder when 736 is divided by 82.
80
What is the remainder when 105 is divided by 29?
18
Calculate the remainder when 79 is divided by 73.
6
Calculate the remainder when 1420 is divided by 79.
77
What is the remainder when 187 is divided by 50?
37
Calculate the remainder when 84 is divided by 41.
2
Calculate the remainder when 230 is divided by 220.
10
Calculate the remainder when 3841 is divided by 62.
59
Calculate the remainder when 1980 is divided by 248.
244
Calculate the remainder when 872 is divided by 8.
0
What is the remainder when 13274 is divided by 71?
68
Calculate the remainder when 21797 is divided by 42.
41
What is the remainder when 585 is divided by 84?
81
Calculate the remainder when 3077 is divided by 56.
53
What is the remainder when 253 is divided by 87?
79
What is the remainder when 87 is divided by 44?
43
What is the remainder when 237 is divided by 92?
53
What is the remainder when 35814 is divided by 95?
94
Calculate the remainder when 1222 is divided by 39.
13
What is the remainder when 1029 is divided by 171?
3
Calculate the remainder when 12867 is divided by 66.
63
What is the remainder when 418 is divided by 88?
66
What is the remainder when 1097 is divided by 229?
181
Calculate the remainder when 89 is divided by 15.
14
What is the remainder when 1618 is divided by 85?
3
What is the remainder when 64 is divided by 11?
9
Calculate the remainder when 127 is divided by 29.
11
What is the remainder when 619 is divided by 183?
70
What is the remainder when 98 is divided by 22?
10
What is the remainder when 203 is divided by 84?
35
What is the remainder when 95 is divided by 28?
11
What is the remainder when 578 is divided by 38?
8
What is the remainder when 1239 is divided by 175?
14
Calculate the remainder when 20 is divided by 5.
0
What is the remainder when 493 is divided by 72?
61
Calculate the remainder when 406 is divided by 102.
100
Calculate the remainder when 60 is divided by 9.
6
What is the remainder when 5733 is divided by 520?
13
Calculate the remainder when 1227 is divided by 123.
120
Calculate the remainder when 17 is divided by 10.
7
Calculate the remainder when 165 is divided by 8.
5
Calculate the remainder when 76 is divided by 22.
10
Calculate the remainder when 7334 is divided by 84.
26
Calculate the remainder when 51 is divided by 18.
15
What is the remainder when 952 is divided by 9?
7
What is the remainder when 2943 is divided by 46?
45
Calculate the remainder when 44191 is divided by 19.
16
Calculate the remainder when 93 is divided by 48.
45
Calculate the remainder when 271 is divided by 118.
35
Calculate the remainder when 126 is divided by 19.
12
Calculate the remainder when 37 is divided by 23.
14
What is the remainder when 344 is divided by 128?
88
Calculate the remainder when 317 is divided by 82.
71
Calculate the remainder when 225 is divided by 67.
24
Calculate the remainder when 2279 is divided by 15.
14
What is the remainder when 37073 is divided by 31?
28
What is the remainder when 239 is divided by 115?
9
What is the remainder when 4846 is divided by 37?
36
Calculate the remainder when 2513 is divided by 2507.
6
What is the remainder when 279 is divided by 93?
0
Calculate the remainder when 347 is divided by 4.
3
Calculate the remainder when 84 is divided by 11.
7
What is the remainder when 551 is divided by 39?
5
Calculate the remainder when 15 is divided by 7.
1
Calculate the remainder when 108 is divided by 22.
20
What is the remainder when 808 is divided by 15?
13
What is the remainder when 4330 is divided by 114?
112
Calculate the remainder when 6556 is divided by 7.
4
Calculate the remainder when 759 is divided by 244.
27
Calculate the remainder when 178 is divided by 85.
8
Calculate the remainder when 387 is divided by 185.
17
What is the remainder when 20073 is divided by 7?
4
What is the remainder when 901 is divided by 35?
26
What is the remainder when 3144 is divided by 14?
8
What is the remainder when 784 is divided by 258?
10
What is the remainder when 13655 is divided by 12?
11
Calculate the remainder when 472 is divided by 229.
14
What is the remainder when 3106 is divided by 155?
6
Calculate the remainder when 1022 is divided by 38.
34
Calculate the remainder when 1044 is divided by 46.
32
What is the remainder when 5 is divided by 5?
0
Calculate the remainder when 93 is divided by 13.
2
Calculate the remainder when 37 is divided by 21.
16
Calculate the remainder when 73 is divided by 19.
16
Calculate the remainder when 1253 is divided by 83.
8
Calculate the remainder when 2152 is divided by 358.
4
Calculate the remainder when 470 is divided by 32.
22
What is the remainder when 1156 is divided by 12?
4
Calculate the remainder when 1044 is divided by 35.
29
Calculate the remainder when 23362 is divided by 66.
64
Calculate the remainder when 1894 is divided by 24.
22
Calculate the remainder when 8006 is divided by 286.
284
Calculate the remainder when 4192 is divided by 233.
231
What is the remainder when 1682 is divided by 9?
8
What is the remainder when 451 is divided by 23?
14
What is the remainder when 115 is divided by 104?
11
Calculate the remainder when 105449 is divided by 10.
9
What is the remainder when 2560 is divided by 635?
20
What is the remainder when 333 is divided by 84?
81
Calculate the remainder when 202 is divided by 44.
26
Calculate the remainder when 715 is divided by 153.
103
Calculate the remainder when 4484 is divided by 65.
64
Calculate the remainder when 14 is divided by 14.
0
Calculate the remainder when 348 is divided by 58.
0
What is the remainder when 99 is divided by 25?
24
Calculate the remainder when 30 is divided by 5.
0
What is the remainder when 2607 is divided by 650?
7
Calculate the remainder when 108 is divided by 15.
3
Calculate the remainder when 2443 is divided by 15.
13
Calculate the remainder when 2534 is divided by 5.
4
Calculate the remainder when 834 is divided by 11.
9
Calc